 r(b) = 18*b - 82. Give r(5).
8
Let j(i) = 2*i**2 - 15. Calculate j(4).
17
Let k(p) = 7*p + 78. Give k(-13).
-13
Let v(t) = -t**3 - 2*t + 1. Determine v(2).
-11
Let t(d) = -117*d + 1. Give t(-1).
118
Let m(b) = -b**3 + 5*b**2 + 3*b - 2. Give m(6).
-20
Let k(q) = -q**2 + 8*q - 22. Give k(3).
-7
Let l(v) = v**3 - 17*v**2 + 21*v - 16. Determine l(16).
64
Let f(q) = -2*q + 14. Calculate f(0).
14
Let j(f) = -5*f - 4. What is j(2)?
-14
Let v(i) = i**3 + 8*i**2 - 10*i - 10. What is v(-9)?
-1
Let v(f) = 6*f - 167. Calculate v(26).
-11
Let g(s) = 3*s + 6. Determine g(-11).
-27
Let v(r) = -r**3 + 2*r**2 + 16*r - 1. Determine v(5).
4
Let j(p) = 2*p**2 + 11*p - 36. Calculate j(-9).
27
Let w(g) = 3*g + 2. Give w(-2).
-4
Let y(f) = 14*f**3 - 1. Determine y(-1).
-15
Let i(p) = -3*p - 5. Calculate i(-2).
1
Let m(i) = -i - 8. Give m(-17).
9
Let h(m) = -m**3 + 9*m**2 - 10*m + 11. Determine h(9).
-79
Let d(r) = -r**3 + 22*r**2 - 22. What is d(22)?
-22
Let s(t) = -5*t**2 - 3*t - 1. What is s(3)?
-55
Let f(z) = z**2 + 14*z - 15. What is f(-16)?
17
Let w(g) = 7*g**3 - g + 1. What is w(-2)?
-53
Let q(f) = -7*f + 44. Give q(-13).
135
Let r(t) = 13*t - 53. Calculate r(5).
12
Let r(q) = 2*q**3 + 3*q**2 - 2*q - 1. Give r(2).
23
Let s(x) = -19*x + 3. Determine s(3).
-54
Let s(x) = -3*x + 17. Determine s(10).
-13
Let j(q) = -q**3 + 8*q**2 - 9*q + 16. Determine j(7).
2
Let v(d) = 13*d + 13. Give v(0).
13
Let n(a) = -a**2 - 4*a - 2. Determine n(-4).
-2
Let l(u) = 5*u**2 - 2*u - 2. What is l(-4)?
86
Let d(c) = -19*c**3 - 2*c**2 + 1. Calculate d(1).
-20
Let j(p) = -7*p**2 + 176*p - 30. Give j(25).
-5
Let u(h) = 2*h**3 + 5*h**2 + 2*h + 3. Give u(-2).
3
Let j(d) = -d**3 - d**2 + d - 11. Determine j(0).
-11
Let a(b) = 2*b**2 + 11*b + 13. Determine a(-3).
-2
Let o(h) = -h**2 - 8*h + 49. What is o(-16)?
-79
Let x(f) = f**2 + 14*f - 35. Give x(-16).
-3
Let m(r) = -6*r + 31. Give m(13).
-47
Let y(c) = -c**3 + c**2 + c - 48. Calculate y(0).
-48
Let u(l) = -5*l + 30. Determine u(5).
5
Let k(n) = 8*n - 30. Calculate k(4).
2
Let r(m) = m**3 - m**2 - m - 3. What is r(0)?
-3
Let d(q) = 3*q**2 + 46*q - 28. What is d(-14)?
-84
Let j(u) = u**3 + 34*u**2 + 3*u + 102. Give j(-34).
0
Let i(k) = k**3 - 9*k**2 + k + 7. Give i(9).
16
Let z(h) = -h**2 - 8*h - 2. Calculate z(-6).
10
Let x(s) = s**2 - 19*s + 3. Give x(18).
-15
Let j(u) = -11*u + 6. Give j(6).
-60
Let f(d) = -54*d + 537. Calculate f(10).
-3
Let j(y) = 6*y + 1. What is j(-2)?
-11
Let x(u) = -u**3 - 5*u**2 + 4*u. Give x(-6).
12
Let r(m) = 12*m + 441. Calculate r(-37).
-3
Let o(n) = n**2 + 10*n - 4. What is o(-6)?
-28
Let i(x) = -x - 2. Determine i(-3).
1
Let o(d) = -13*d - 258. What is o(-20)?
2
Let m(a) = -33*a - 175. Calculate m(-5).
-10
Let p(y) = 3*y + 22. What is p(-8)?
-2
Let i(v) = -3*v - 2. Determine i(-12).
34
Let a(i) = -i**2 - 28*i - 198. What is a(-12)?
-6
Let s(l) = l**2 + 2*l - 10. What is s(-7)?
25
Let k(v) = v**3 - 15*v**2 + 40*v - 2. Give k(12).
46
Let m(w) = w + 13. What is m(-9)?
4
Let z(j) = -j**3 - 4*j**2 + 23*j + 13. Give z(-7).
-1
Let m(k) = -k**3 - 13*k**2 - 13*k + 9. Determine m(-12).
21
Let d(r) = 5*r**3 + 2*r**2 - 9*r - 7. Calculate d(-3).
-97
Let q(d) = -7*d - 11. Determine q(6).
-53
Let h(y) = 8*y + 76. Calculate h(-8).
12
Let x(k) = -k**2 + 18*k - 3. What is x(17)?
14
Let j(u) = u**3 + 7*u**2 - 6*u - 16. Determine j(-8).
-32
Let l(r) = 17*r - 33. Determine l(3).
18
Let q(x) = -x**3 + x**2 + x - 2. What is q(4)?
-46
Let l(i) = -26*i - 433. Determine l(-17).
9
Let n(a) = -9*a - 68. Determine n(-7).
-5
Let t(d) = d**3 + 7*d**2 + 12*d + 10. What is t(-5)?
0
Let z(w) = -10*w - 2. Determine z(2).
-22
Let j(o) = -2*o**2 - 2. Determine j(4).
-34
Let f(d) = 4*d**2 - 2. Determine f(-2).
14
Let s(k) = -7*k**3 - k**2 + 2*k - 1. Give s(1).
-7
Let t(i) = -i**3 - 8*i**2 - 6. Calculate t(-8).
-6
Let x(r) = -r**2 + 16*r + 20. Determine x(17).
3
Let k(r) = -6*r + 1. What is k(1)?
-5
Let k(h) = h + 1. Calculate k(-3).
-2
Let j(k) = 5*k**2 - 23*k - 5. Give j(5).
5
Let f(k) = k - 25. What is f(14)?
-11
Let c(q) = -5*q**2 - 28*q - 3. Determine c(-8).
-99
Let c(f) = f**2 + 8*f - 2. Determine c(-6).
-14
Let d(k) = -13*k - 11. Calculate d(-7).
80
Let a(o) = -45*o + 426. What is a(10)?
-24
Let x(c) = -6*c - 1. What is x(-7)?
41
Let k(o) = o**2 + 20*o + 82. Give k(-15).
7
Let f(j) = -j**2 - 16*j - 15. Give f(-12).
33
Let d(v) = -2*v**3 + 68*v**2 - 3*v + 103. Determine d(34).
1
Let d(p) = 18*p - 192. Calculate d(11).
6
Let c(i) = -22*i + 16. What is c(3)?
-50
Let r(z) = z**3 + 8*z**2 - 6*z + 21. Determine r(-9).
-6
Let b(v) = v**3 + 5*v**2 - 6*v - 5. Give b(-5).
25
Let a(m) = 2*m**2 - 12*m + 12. What is a(7)?
26
Let o(m) = 2*m**2 - 3*m - 9. Calculate o(4).
11
Let l(c) = -c**3 + 2*c**2 + 4*c - 1. Calculate l(5).
-56
Let q(h) = -86*h**2 + 4*h + 3. Give q(-1).
-87
Let h(u) = -2*u**2 + 46*u + 10. Give h(23).
10
Let b(i) = -i**2 + 3*i + 75. Calculate b(-8).
-13
Let f(a) = 8*a + 43. Determine f(-6).
-5
Let a(x) = -2*x**2 + 5*x - 2. Determine a(3).
-5
Let h(s) = s**3 - 30*s**2 + s - 29. Give h(30).
1
Let f(z) = -z**3 - 4*z**2 + 3*z + 7. Determine f(-5).
17
Let r(n) = -n**2 + 8*n - 12. What is r(8)?
-12
Let p(s) = s**3 + 5*s**2 - 13*s - 9. Calculate p(-7).
-16
Let q(r) = 11*r + 8. Give q(-2).
-14
Let q(t) = 9*t - 68. Calculate q(15).
67
Let s(l) = 2*l**2 + 25*l + 14. What is s(-10)?
-36
Let b(h) = -79*h**2 - 5*h + 4. Give b(1).
-80
Let q(m) = -m**2 + 4*m + 8. Give q(-7).
-69
Let m(x) = -x**3 - 20*x**2 - 20*x - 17. Calculate m(-19).
2
Let q(r) = -r**2 + 3*r + 22. Determine q(-4).
-6
Let t(l) = -5*l - 224. Determine t(-44).
-4
Let n(k) = -3*k - 5. Determine n(-6).
13
Let v(m) = -m - 4. What is v(-5)?
1
Let w(f) = f - 16. Calculate w(0).
-16
Let s(x) = x + 1. Give s(7).
8
Let z(j) = -j**2 + 17*j + 24. Determine z(19).
-14
Let f(p) = p**2 + 5*p - 18. Give f(-8).
6
Let k(q) = -q**3 - 52*q**2 + 5*q + 265. Determine k(-52).
5
Let a(n) = -8*n**2 - 4*n - 4. What is a(-2)?
-28
Let g(l) = -l**3 - 4*l**2 + l + 9. Determine g(-4).
5
Let c(j) = -j**3 + 2*j**2 + j - 8. Calculate c(3).
-14
Let a(z) = z**3 - 3*z**2 - 3*z + 1. Calculate a(4).
5
Let w(y) = y**2 - 5*y - 5. Give w(-2).
9
Let z(j) = -2*j**2 + 12*j - 1. Give z(6).
-1
Let s(m) = m**3 + 17*m**2 + 18*m + 11. Calculate s(-16).
-21
Let r(b) = -b**2 - 7*b - 2. Determine r(-6).
4
Let v(m) = -6*m - 47. What is v(-16)?
49
Let t(u) = 2*u**2 + 7*u - 3. What is t(-9)?
96
Let f(a) = -a**3 + 4*a**2 - 2*a + 7. Determine f(3).
10
Let b(d) = 19*d - 5. Calculate b(-2).
-43
Let r(a) = 7*a**2 + 2*a - 1. Give r(2).
31
Let x(b) = 4*b**2 - 4*b + 1. Calculate x(-3).
49
Let s(c) = -11*c - 11. Determine s(-1).
0
Let s(r) = -r**3 + 26*r**2 + 6. Determine s(26).
6
Let d(x) = -x**3 - 10*x**2 + 2*x + 13. What is d(-10)?
-7
Let c(y) = 4*y. Calculate c(-5).
-20
Let o(c) = 3*c**2 + 13*c - 11. What is o(-5)?
-1
Let h(l) = -2*l + 104. What is h(49)?
6
Let w(p) = p**3 - 7*p**2 + 7*p + 3. Calculate w(4).
-17
Let t(b) = 12*b - 34. Give t(5).
26
Let c(q) = q**3 + 16*q**2 - 15*q + 25. Determine c(-17).
-9
Let s(z) = -z**2 + 3*z - 3. What is s(4)?
-7
Let n(j) = 2*j + 34. Give n(-7).
20
Let u(a) = -a**3 + 2*a - 2. Determine u(1).
-1
Let x(p) = 3*p**2 - 7*p - 4. Determine x(2).
-6
Let x(j) = 2*j**2 + 16*j - 19. Calculate x(-8).
-19
Let t(p) = -36*p. Determine t(-1).
36
Let j(z) = -z**3 + 12*z**2 - 5*z - 52. Determine j(11).
14
Let i(o) = 11*o - 219. Determine i(18).
-21
Let m(q) = q**2 + 2*q + 5. What is m(0)?
5
Let l(a) = -3*a**2 + 4*a + 4. What is l(-4)?
-60
Let c(j) = j**3 + 6*j**2 - 2*j - 7. What is c(-6)?
5
Let t(s) = -2*s**2 + s - 5. Determine t(4).
-33
Let o(g) = g**3 + 7*g**2 + 6*g + 2. Give o(-5).
22
Let h(k) = k**3 + 36*k**2 + 69*k + 50. Determine h(-34).
16
Let f(w) = -2*w**3 - 5*w**2 - 4*w. What is f(-3)?
21
Let n(x) = -2*x**3 + x**2 + x - 2. Determine n(1).
-2
Let x(g) = 4*g - 5. Determine x(5).
15
Let z(l) = -l**3 + 8*l**2 - l. Give z(8).
-8
Let z(l) = l**2 + 9*l - 7. Determine z(-10).
3
Let j(z) = z**3 - 7*z**2 + 5*z + 10. Calculate j(6).
4
Let f(s) = s**2 - 4*s - 3. Give f(5).
2
Let b(x) = 13*x**2 + x. Calculate b(2).
54
Let m(i) = -i**2 + 12*i - 11. Determine m(11).
0
Let l(f) = 2*f - 106. Calculate l(0).
-106
Let k(z) = -z**3 + 3*z**2 - z + 1. Give k(2).
3
Let h(s) = -s**2 + s + 10. Determine h(5).
-10
Let i(t) = -7*t